{"id":5,"date":"2021-04-20T02:08:54","date_gmt":"2021-04-20T00:08:54","guid":{"rendered":"https:\/\/famillecolibri.com\/?page_id=5"},"modified":"2021-05-30T15:47:52","modified_gmt":"2021-05-30T13:47:52","slug":"blog","status":"publish","type":"page","link":"https:\/\/famillecolibri.com\/","title":{"rendered":"Blog"},"content":{"rendered":"\n<hr class=\"wp-block-separator\"\/>\n\n\n\n<h2 class=\"has-text-align-center wp-block-heading\">Bienvenue<\/h2>\n\n\n\n<h2 class=\"has-text-align-center wp-block-heading\">chez<\/h2>\n\n\n\n<h2 class=\"has-text-align-center wp-block-heading\">la famille colibri!<\/h2>\n\n\n\n<figure class=\"wp-block-image size-large\"><a href=\"https:\/\/famillecolibri.com\/index.php\/2021\/04\/21\/pour-la-famille-colibri-cest-parti\/\"><img loading=\"lazy\" decoding=\"async\" width=\"2560\" height=\"1920\" src=\"https:\/\/famillecolibri.com\/wp-content\/uploads\/2021\/04\/DSCN0382-scaled.jpg\" alt=\"L\u00e9o conduit un truck\" class=\"wp-image-826\" srcset=\"https:\/\/famillecolibri.com\/wp-content\/uploads\/2021\/04\/DSCN0382-scaled.jpg 2560w, https:\/\/famillecolibri.com\/wp-content\/uploads\/2021\/04\/DSCN0382-300x225.jpg 300w\" sizes=\"auto, (max-width: 2560px) 100vw, 2560px\" \/><\/a><\/figure>\n\n\n\n<h2 class=\"wp-block-heading\">derniers articles<\/h2>\n\n\n<ul class=\"wp-block-latest-posts__list wp-block-latest-posts\"><li><a class=\"wp-block-latest-posts__post-title\" href=\"https:\/\/famillecolibri.com\/index.php\/2023\/03\/08\/les-enfants-et-le-demenagement-enfin-la-suite-et-surtout-la-fin\/\">Les enfants et le d\u00e9m\u00e9nagement (enfin la suite et SURTOUT LA FIN!!)<\/a><\/li>\n<li><a class=\"wp-block-latest-posts__post-title\" href=\"https:\/\/famillecolibri.com\/index.php\/2021\/05\/23\/les-enfants-et-le-demenagement\/\">Les enfants et le d\u00e9m\u00e9nagement<\/a><\/li>\n<li><a class=\"wp-block-latest-posts__post-title\" href=\"https:\/\/famillecolibri.com\/index.php\/2021\/04\/22\/6-activites-pour-celebrer-le-jour-de-la-terre-avec-les-enfants-en-2021\/\">6 activit\u00e9s pour c\u00e9l\u00e9brer le Jour de la Terre avec les enfants en 2021<\/a><\/li>\n<li><a class=\"wp-block-latest-posts__post-title\" href=\"https:\/\/famillecolibri.com\/index.php\/2021\/04\/21\/pour-la-famille-colibri-cest-parti\/\">Pour la famille colibri, c&rsquo;est parti!<\/a><\/li>\n<\/ul>","protected":false},"excerpt":{"rendered":"<p>Bienvenue chez la famille colibri! derniers articles<\/p>\n","protected":false},"author":2,"featured_media":0,"parent":0,"menu_order":0,"comment_status":"closed","ping_status":"closed","template":"template-fullwidth.php","meta":{"om_disable_all_campaigns":false,"_monsterinsights_skip_tracking":false,"_monsterinsights_sitenote_active":false,"_monsterinsights_sitenote_note":"","_monsterinsights_sitenote_category":0,"footnotes":""},"class_list":["post-5","page","type-page","status-publish","hentry","post-preview"],"_links":{"self":[{"href":"https:\/\/famillecolibri.com\/index.php\/wp-json\/wp\/v2\/pages\/5","targetHints":{"allow":["GET"]}}],"collection":[{"href":"https:\/\/famillecolibri.com\/index.php\/wp-json\/wp\/v2\/pages"}],"about":[{"href":"https:\/\/famillecolibri.com\/index.php\/wp-json\/wp\/v2\/types\/page"}],"author":[{"embeddable":true,"href":"https:\/\/famillecolibri.com\/index.php\/wp-json\/wp\/v2\/users\/2"}],"replies":[{"embeddable":true,"href":"https:\/\/famillecolibri.com\/index.php\/wp-json\/wp\/v2\/comments?post=5"}],"version-history":[{"count":9,"href":"https:\/\/famillecolibri.com\/index.php\/wp-json\/wp\/v2\/pages\/5\/revisions"}],"predecessor-version":[{"id":945,"href":"https:\/\/famillecolibri.com\/index.php\/wp-json\/wp\/v2\/pages\/5\/revisions\/945"}],"wp:attachment":[{"href":"https:\/\/famillecolibri.com\/index.php\/wp-json\/wp\/v2\/media?parent=5"}],"curies":[{"name":"wp","href":"https:\/\/api.w.org\/{rel}","templated":true}]}}

<hr class="wp-block-separator"/>



<h2 class="has-text-align-center wp-block-heading">Bienvenue</h2>



<h2 class="has-text-align-center wp-block-heading">chez</h2>



<h2 class="has-text-align-center wp-block-heading">la famille colibri!</h2>



<figure class="wp-block-image size-large"><a href="https://famillecolibri.com/index.php/2021/04/21/pour-la-famille-colibri-cest-parti/"><img loading="lazy" decoding="async" width="2560" height="1920" src="https://famillecolibri.com/wp-content/uploads/2021/04/DSCN0382-scaled.jpg" alt="Léo conduit un truck" class="wp-image-826" srcset="https://famillecolibri.com/wp-content/uploads/2021/04/DSCN0382-scaled.jpg 2560w, https://famillecolibri.com/wp-content/uploads/2021/04/DSCN0382-300x225.jpg 300w" sizes="auto, (max-width: 2560px) 100vw, 2560px" /></a></figure>



<h2 class="wp-block-heading">derniers articles</h2>


<ul class="wp-block-latest-posts__list wp-block-latest-posts"><li><a class="wp-block-latest-posts__post-title" href="https://famillecolibri.com/index.php/2023/03/08/les-enfants-et-le-demenagement-enfin-la-suite-et-surtout-la-fin/">Les enfants et le déménagement (enfin la suite et SURTOUT LA FIN!!)</a></li>
<li><a class="wp-block-latest-posts__post-title" href="https://famillecolibri.com/index.php/2021/05/23/les-enfants-et-le-demenagement/">Les enfants et le déménagement</a></li>
<li><a class="wp-block-latest-posts__post-title" href="https://famillecolibri.com/index.php/2021/04/22/6-activites-pour-celebrer-le-jour-de-la-terre-avec-les-enfants-en-2021/">6 activités pour célébrer le Jour de la Terre avec les enfants en 2021</a></li>
<li><a class="wp-block-latest-posts__post-title" href="https://famillecolibri.com/index.php/2021/04/21/pour-la-famille-colibri-cest-parti/">Pour la famille colibri, c&rsquo;est parti!</a></li>
</ul>
