{"id":17,"date":"2017-01-02T08:36:21","date_gmt":"2017-01-02T08:36:21","guid":{"rendered":"https:\/\/demo.themegrill.com\/flash-default-2\/?page_id=17"},"modified":"2021-04-22T03:29:32","modified_gmt":"2021-04-22T01:29:32","slug":"notre-presentation","status":"publish","type":"page","link":"https:\/\/famillecolibri.com\/index.php\/notre-presentation\/","title":{"rendered":"Qui sommes-nous?"},"content":{"rendered":"\n<div class=\"wp-block-columns is-layout-flex wp-container-core-columns-is-layout-1 wp-block-columns-is-layout-flex\">\n<div class=\"wp-block-column is-layout-flow wp-block-column-is-layout-flow\" style=\"flex-basis:100%\">\n<div class=\"wp-block-media-text alignwide is-stacked-on-mobile is-image-fill\" style=\"grid-template-columns:52% auto\"><figure class=\"wp-block-media-text__media\" style=\"background-image:url(https:\/\/famillecolibri.com\/wp-content\/uploads\/2021\/04\/20190825_123230-1024x768.jpg);background-position:49% 8%\"><img loading=\"lazy\" decoding=\"async\" width=\"1024\" height=\"768\" src=\"https:\/\/famillecolibri.com\/wp-content\/uploads\/2021\/04\/20190825_123230-1024x768.jpg\" alt=\"Sylvie Plage Isle Madame Inukshuk\" class=\"wp-image-811 size-full\" srcset=\"https:\/\/famillecolibri.com\/wp-content\/uploads\/2021\/04\/20190825_123230-1024x768.jpg 1024w, https:\/\/famillecolibri.com\/wp-content\/uploads\/2021\/04\/20190825_123230-300x225.jpg 300w, https:\/\/famillecolibri.com\/wp-content\/uploads\/2021\/04\/20190825_123230-768x576.jpg 768w, https:\/\/famillecolibri.com\/wp-content\/uploads\/2021\/04\/20190825_123230-1536x1152.jpg 1536w, https:\/\/famillecolibri.com\/wp-content\/uploads\/2021\/04\/20190825_123230-2048x1536.jpg 2048w, https:\/\/famillecolibri.com\/wp-content\/uploads\/2021\/04\/20190825_123230-676x507.jpg 676w\" sizes=\"auto, (max-width: 1024px) 100vw, 1024px\" \/><\/figure><div class=\"wp-block-media-text__content\">\n<p class=\"has-large-font-size\">Sylvie<\/p>\n\n\n\n<p>N\u00e9e \u00e0 Amiens en Picardie, dans une famille aux racines picardes et bretonnes. <br>Je suis l&rsquo;introvertie de la famille. <br>J&rsquo;ai \u00e9t\u00e9 prof de fran\u00e7ais langue seconde, sp\u00e9cialiste de l&rsquo;environnement pour des ONG et pour le gouvernement de la Nouvelle-\u00c9cosse et je suis maintenant<a href=\"http:\/\/writeofways.com\" title=\"writeofways.com\"> traductrice et r\u00e9dactrice (EN \/ FR)<\/a>.<br>Je suis passionn\u00e9e par les bicyclettes, j&rsquo;aime la nature et tous les engins qui fonctionnent gr\u00e2ce au vent.<\/p>\n<\/div><\/div>\n\n\n\n<div class=\"wp-block-media-text alignwide is-stacked-on-mobile is-image-fill\" style=\"grid-template-columns:51% auto\"><figure class=\"wp-block-media-text__media\" style=\"background-image:url(https:\/\/famillecolibri.com\/wp-content\/uploads\/2021\/04\/20201021_114725-768x1024.jpg);background-position:27% 47%\"><img loading=\"lazy\" decoding=\"async\" width=\"768\" height=\"1024\" src=\"https:\/\/famillecolibri.com\/wp-content\/uploads\/2021\/04\/20201021_114725-768x1024.jpg\" alt=\"\u00c9lo\u00efse automne feuilles\" class=\"wp-image-783 size-full\" srcset=\"https:\/\/famillecolibri.com\/wp-content\/uploads\/2021\/04\/20201021_114725-768x1024.jpg 768w, https:\/\/famillecolibri.com\/wp-content\/uploads\/2021\/04\/20201021_114725-225x300.jpg 225w, https:\/\/famillecolibri.com\/wp-content\/uploads\/2021\/04\/20201021_114725-1152x1536.jpg 1152w, https:\/\/famillecolibri.com\/wp-content\/uploads\/2021\/04\/20201021_114725-1536x2048.jpg 1536w, https:\/\/famillecolibri.com\/wp-content\/uploads\/2021\/04\/20201021_114725-676x901.jpg 676w, https:\/\/famillecolibri.com\/wp-content\/uploads\/2021\/04\/20201021_114725-scaled.jpg 1920w\" sizes=\"auto, (max-width: 768px) 100vw, 768px\" \/><\/figure><div class=\"wp-block-media-text__content\">\n<p class=\"has-large-font-size\">\u00c9lo\u00efse <\/p>\n\n\n\n<p>Native de Dieppe en Normandie (France), je suis Canadienne. Professeur d&rsquo;espagnol et de fran\u00e7ais langue seconde de formation, j&rsquo;ai, depuis l&rsquo;arriv\u00e9e des enfants, ouvert <a href=\"https:\/\/gardescolairelejardindevra.weebly.com\/\">ma propre garderie<\/a> en milieu familiale, ce  qui m&rsquo;a permis d&rsquo;acqu\u00e9rir une certaine expertise dans de multiples domaines (administration, gestion de clients, comptabilit\u00e9 et autres). <\/p>\n\n\n\n<p>J&rsquo;ai aussi la chance inestimable de travailler pour  <a href=\"https:\/\/martinthebergeconsultant.ca\/\">Martin Theberge Consultant Inc.<\/a> <\/p>\n\n\n\n<p>Ce qui me motive avant tout c&rsquo;est apprendre des autres, et me sentir utile alors je profiterai notamment de ce blog, pour vous offrir des ressources d&rsquo;activit\u00e9s avec vos enfants.<\/p>\n<\/div><\/div>\n\n\n\n<div class=\"wp-block-media-text alignwide is-stacked-on-mobile\" style=\"grid-template-columns:51% auto\"><figure class=\"wp-block-media-text__media\"><img loading=\"lazy\" decoding=\"async\" width=\"1024\" height=\"768\" src=\"https:\/\/famillecolibri.com\/wp-content\/uploads\/2021\/04\/20190610_151616-1024x768.jpg\" alt=\"Ella couronne Jeux Olympiques\" class=\"wp-image-813 size-full\" srcset=\"https:\/\/famillecolibri.com\/wp-content\/uploads\/2021\/04\/20190610_151616-1024x768.jpg 1024w, https:\/\/famillecolibri.com\/wp-content\/uploads\/2021\/04\/20190610_151616-300x225.jpg 300w, https:\/\/famillecolibri.com\/wp-content\/uploads\/2021\/04\/20190610_151616-768x576.jpg 768w, https:\/\/famillecolibri.com\/wp-content\/uploads\/2021\/04\/20190610_151616-1536x1152.jpg 1536w, https:\/\/famillecolibri.com\/wp-content\/uploads\/2021\/04\/20190610_151616-2048x1536.jpg 2048w, https:\/\/famillecolibri.com\/wp-content\/uploads\/2021\/04\/20190610_151616-676x507.jpg 676w\" sizes=\"auto, (max-width: 1024px) 100vw, 1024px\" \/><\/figure><div class=\"wp-block-media-text__content\">\n<p class=\"has-large-font-size\">Ella<\/p>\n\n\n\n<p>Notre g\u00e9n\u00e9reuse et empathique petite Ella est la plus imaginative de la famille.  Riche d&rsquo;une vie int\u00e9rieure fertile, elle  partage ses histoires avec chacun de nous et plus particuli\u00e8rement avec son ins\u00e9parable ami Pinpin (le pingouin)<\/p>\n<\/div><\/div>\n\n\n\n<div class=\"wp-block-media-text alignwide is-stacked-on-mobile\" style=\"grid-template-columns:51% auto\"><figure class=\"wp-block-media-text__media\"><img loading=\"lazy\" decoding=\"async\" width=\"2560\" height=\"1920\" src=\"https:\/\/famillecolibri.com\/wp-content\/uploads\/2021\/04\/DSCN0291-scaled.jpg\" alt=\"L\u00e9o soleil toboggan\" class=\"wp-image-816 size-full\"\/><\/figure><div class=\"wp-block-media-text__content\">\n<p class=\"has-large-font-size\">L\u00e9o<\/p>\n\n\n\n<p>Notre L\u00e9o est un passionn\u00e9 au c\u0153ur tendre qui ne peut vivre sans musique.  Ce grand cr\u00e9atif adore inventer et donner vie au mat\u00e9riel imagin\u00e9 par sa s\u0153ur mais pour lui rien ne vaut un bon tour \u00e0 v\u00e9lo.<\/p>\n<\/div><\/div>\n<\/div>\n<\/div>\n\n\n\n<div class=\"wp-block-columns is-layout-flex wp-container-core-columns-is-layout-2 wp-block-columns-is-layout-flex\">\n<div class=\"wp-block-column is-layout-flow wp-block-column-is-layout-flow\"><\/div>\n\n\n\n<div class=\"wp-block-column is-layout-flow wp-block-column-is-layout-flow\"><\/div>\n<\/div>\n\n\n\n<div class=\"wp-block-media-text is-stacked-on-mobile\" style=\"grid-template-columns:35% auto\"><figure class=\"wp-block-media-text__media\"><img loading=\"lazy\" decoding=\"async\" width=\"540\" height=\"720\" src=\"https:\/\/famillecolibri.com\/wp-content\/uploads\/2021\/04\/38203_1527560398959_5662016_n.jpg\" alt=\"\" class=\"wp-image-792 size-full\" srcset=\"https:\/\/famillecolibri.com\/wp-content\/uploads\/2021\/04\/38203_1527560398959_5662016_n.jpg 540w, https:\/\/famillecolibri.com\/wp-content\/uploads\/2021\/04\/38203_1527560398959_5662016_n-225x300.jpg 225w\" sizes=\"auto, (max-width: 540px) 100vw, 540px\" \/><\/figure><div class=\"wp-block-media-text__content\">\n<p class=\"has-large-font-size\">\u00c9vra<\/p>\n\n\n\n<p>Notre chapouille calicot est la repr\u00e9sentation vivante de la libert\u00e9. Elle est membre \u00e0 part enti\u00e8re de cette famille, avec la m\u00eame forte personnalit\u00e9 que les autres et le m\u00eame besoin de douceur que chacun de nous. Elle a bien fait de nous adopter!<\/p>\n<\/div><\/div>\n\n\n\n<p><\/p>\n\n\n\n<p>Pour savoir pourquoi nous sommes la famille colibri c&rsquo;est <a href=\"https:\/\/famillecolibri.com\/index.php\/pourquoi-famille-colibri\/\" target=\"_blank\" rel=\"noreferrer noopener\" title=\"Pourquoi famille colibri?\">ici<\/a>!<\/p>\n","protected":false},"excerpt":{"rendered":"<p>Sylvie N\u00e9e \u00e0 Amiens en Picardie, dans une famille aux racines picardes et bretonnes. Je suis l&rsquo;introvertie de la famille. J&rsquo;ai \u00e9t\u00e9 prof de fran\u00e7ais langue seconde, sp\u00e9cialiste de l&rsquo;environnement pour des ONG et pour le gouvernement de la Nouvelle-\u00c9cosse et je suis maintenant traductrice et r\u00e9dactrice (EN \/ FR).Je suis passionn\u00e9e par les bicyclettes, [&hellip;]<\/p>\n","protected":false},"author":2,"featured_media":0,"parent":0,"menu_order":0,"comment_status":"closed","ping_status":"closed","template":"template-fullwidth.php","meta":{"om_disable_all_campaigns":false,"_monsterinsights_skip_tracking":false,"_monsterinsights_sitenote_active":false,"_monsterinsights_sitenote_note":"","_monsterinsights_sitenote_category":0,"footnotes":""},"class_list":["post-17","page","type-page","status-publish","hentry","post-preview"],"_links":{"self":[{"href":"https:\/\/famillecolibri.com\/index.php\/wp-json\/wp\/v2\/pages\/17","targetHints":{"allow":["GET"]}}],"collection":[{"href":"https:\/\/famillecolibri.com\/index.php\/wp-json\/wp\/v2\/pages"}],"about":[{"href":"https:\/\/famillecolibri.com\/index.php\/wp-json\/wp\/v2\/types\/page"}],"author":[{"embeddable":true,"href":"https:\/\/famillecolibri.com\/index.php\/wp-json\/wp\/v2\/users\/2"}],"replies":[{"embeddable":true,"href":"https:\/\/famillecolibri.com\/index.php\/wp-json\/wp\/v2\/comments?post=17"}],"version-history":[{"count":30,"href":"https:\/\/famillecolibri.com\/index.php\/wp-json\/wp\/v2\/pages\/17\/revisions"}],"predecessor-version":[{"id":924,"href":"https:\/\/famillecolibri.com\/index.php\/wp-json\/wp\/v2\/pages\/17\/revisions\/924"}],"wp:attachment":[{"href":"https:\/\/famillecolibri.com\/index.php\/wp-json\/wp\/v2\/media?parent=17"}],"curies":[{"name":"wp","href":"https:\/\/api.w.org\/{rel}","templated":true}]}}

<div class="wp-block-columns is-layout-flex wp-container-core-columns-is-layout-1 wp-block-columns-is-layout-flex">
<div class="wp-block-column is-layout-flow wp-block-column-is-layout-flow" style="flex-basis:100%">
<div class="wp-block-media-text alignwide is-stacked-on-mobile is-image-fill" style="grid-template-columns:52% auto"><figure class="wp-block-media-text__media" style="background-image:url(https://famillecolibri.com/wp-content/uploads/2021/04/20190825_123230-1024x768.jpg);background-position:49% 8%"><img loading="lazy" decoding="async" width="1024" height="768" src="https://famillecolibri.com/wp-content/uploads/2021/04/20190825_123230-1024x768.jpg" alt="Sylvie Plage Isle Madame Inukshuk" class="wp-image-811 size-full" srcset="https://famillecolibri.com/wp-content/uploads/2021/04/20190825_123230-1024x768.jpg 1024w, https://famillecolibri.com/wp-content/uploads/2021/04/20190825_123230-300x225.jpg 300w, https://famillecolibri.com/wp-content/uploads/2021/04/20190825_123230-768x576.jpg 768w, https://famillecolibri.com/wp-content/uploads/2021/04/20190825_123230-1536x1152.jpg 1536w, https://famillecolibri.com/wp-content/uploads/2021/04/20190825_123230-2048x1536.jpg 2048w, https://famillecolibri.com/wp-content/uploads/2021/04/20190825_123230-676x507.jpg 676w" sizes="auto, (max-width: 1024px) 100vw, 1024px" /></figure><div class="wp-block-media-text__content">
<p class="has-large-font-size">Sylvie</p>



<p>Née à Amiens en Picardie, dans une famille aux racines picardes et bretonnes. <br>Je suis l&rsquo;introvertie de la famille. <br>J&rsquo;ai été prof de français langue seconde, spécialiste de l&rsquo;environnement pour des ONG et pour le gouvernement de la Nouvelle-Écosse et je suis maintenant<a href="http://writeofways.com" title="writeofways.com"> traductrice et rédactrice (EN / FR)</a>.<br>Je suis passionnée par les bicyclettes, j&rsquo;aime la nature et tous les engins qui fonctionnent grâce au vent.</p>
</div></div>



<div class="wp-block-media-text alignwide is-stacked-on-mobile is-image-fill" style="grid-template-columns:51% auto"><figure class="wp-block-media-text__media" style="background-image:url(https://famillecolibri.com/wp-content/uploads/2021/04/20201021_114725-768x1024.jpg);background-position:27% 47%"><img loading="lazy" decoding="async" width="768" height="1024" src="https://famillecolibri.com/wp-content/uploads/2021/04/20201021_114725-768x1024.jpg" alt="Éloïse automne feuilles" class="wp-image-783 size-full" srcset="https://famillecolibri.com/wp-content/uploads/2021/04/20201021_114725-768x1024.jpg 768w, https://famillecolibri.com/wp-content/uploads/2021/04/20201021_114725-225x300.jpg 225w, https://famillecolibri.com/wp-content/uploads/2021/04/20201021_114725-1152x1536.jpg 1152w, https://famillecolibri.com/wp-content/uploads/2021/04/20201021_114725-1536x2048.jpg 1536w, https://famillecolibri.com/wp-content/uploads/2021/04/20201021_114725-676x901.jpg 676w, https://famillecolibri.com/wp-content/uploads/2021/04/20201021_114725-scaled.jpg 1920w" sizes="auto, (max-width: 768px) 100vw, 768px" /></figure><div class="wp-block-media-text__content">
<p class="has-large-font-size">Éloïse </p>



<p>Native de Dieppe en Normandie (France), je suis Canadienne. Professeur d&rsquo;espagnol et de français langue seconde de formation, j&rsquo;ai, depuis l&rsquo;arrivée des enfants, ouvert <a href="https://gardescolairelejardindevra.weebly.com/">ma propre garderie</a> en milieu familiale, ce  qui m&rsquo;a permis d&rsquo;acquérir une certaine expertise dans de multiples domaines (administration, gestion de clients, comptabilité et autres). </p>



<p>J&rsquo;ai aussi la chance inestimable de travailler pour  <a href="https://martinthebergeconsultant.ca/">Martin Theberge Consultant Inc.</a> </p>



<p>Ce qui me motive avant tout c&rsquo;est apprendre des autres, et me sentir utile alors je profiterai notamment de ce blog, pour vous offrir des ressources d&rsquo;activités avec vos enfants.</p>
</div></div>



<div class="wp-block-media-text alignwide is-stacked-on-mobile" style="grid-template-columns:51% auto"><figure class="wp-block-media-text__media"><img loading="lazy" decoding="async" width="1024" height="768" src="https://famillecolibri.com/wp-content/uploads/2021/04/20190610_151616-1024x768.jpg" alt="Ella couronne Jeux Olympiques" class="wp-image-813 size-full" srcset="https://famillecolibri.com/wp-content/uploads/2021/04/20190610_151616-1024x768.jpg 1024w, https://famillecolibri.com/wp-content/uploads/2021/04/20190610_151616-300x225.jpg 300w, https://famillecolibri.com/wp-content/uploads/2021/04/20190610_151616-768x576.jpg 768w, https://famillecolibri.com/wp-content/uploads/2021/04/20190610_151616-1536x1152.jpg 1536w, https://famillecolibri.com/wp-content/uploads/2021/04/20190610_151616-2048x1536.jpg 2048w, https://famillecolibri.com/wp-content/uploads/2021/04/20190610_151616-676x507.jpg 676w" sizes="auto, (max-width: 1024px) 100vw, 1024px" /></figure><div class="wp-block-media-text__content">
<p class="has-large-font-size">Ella</p>



<p>Notre généreuse et empathique petite Ella est la plus imaginative de la famille.  Riche d&rsquo;une vie intérieure fertile, elle  partage ses histoires avec chacun de nous et plus particulièrement avec son inséparable ami Pinpin (le pingouin)</p>
</div></div>



<div class="wp-block-media-text alignwide is-stacked-on-mobile" style="grid-template-columns:51% auto"><figure class="wp-block-media-text__media"><img loading="lazy" decoding="async" width="2560" height="1920" src="https://famillecolibri.com/wp-content/uploads/2021/04/DSCN0291-scaled.jpg" alt="Léo soleil toboggan" class="wp-image-816 size-full"/></figure><div class="wp-block-media-text__content">
<p class="has-large-font-size">Léo</p>



<p>Notre Léo est un passionné au cœur tendre qui ne peut vivre sans musique.  Ce grand créatif adore inventer et donner vie au matériel imaginé par sa sœur mais pour lui rien ne vaut un bon tour à vélo.</p>
</div></div>
</div>
</div>



<div class="wp-block-columns is-layout-flex wp-container-core-columns-is-layout-2 wp-block-columns-is-layout-flex">
<div class="wp-block-column is-layout-flow wp-block-column-is-layout-flow"></div>



<div class="wp-block-column is-layout-flow wp-block-column-is-layout-flow"></div>
</div>



<div class="wp-block-media-text is-stacked-on-mobile" style="grid-template-columns:35% auto"><figure class="wp-block-media-text__media"><img loading="lazy" decoding="async" width="540" height="720" src="https://famillecolibri.com/wp-content/uploads/2021/04/38203_1527560398959_5662016_n.jpg" alt="" class="wp-image-792 size-full" srcset="https://famillecolibri.com/wp-content/uploads/2021/04/38203_1527560398959_5662016_n.jpg 540w, https://famillecolibri.com/wp-content/uploads/2021/04/38203_1527560398959_5662016_n-225x300.jpg 225w" sizes="auto, (max-width: 540px) 100vw, 540px" /></figure><div class="wp-block-media-text__content">
<p class="has-large-font-size">Évra</p>



<p>Notre chapouille calicot est la représentation vivante de la liberté. Elle est membre à part entière de cette famille, avec la même forte personnalité que les autres et le même besoin de douceur que chacun de nous. Elle a bien fait de nous adopter!</p>
</div></div>



<p></p>



<p>Pour savoir pourquoi nous sommes la famille colibri c&rsquo;est <a href="https://famillecolibri.com/index.php/pourquoi-famille-colibri/" target="_blank" rel="noreferrer noopener" title="Pourquoi famille colibri?">ici</a>!</p>

<p>Sylvie Née à Amiens en Picardie, dans une famille aux racines picardes et bretonnes. Je suis l&rsquo;introvertie de la famille. J&rsquo;ai été prof de français langue seconde, spécialiste de l&rsquo;environnement pour des ONG et pour le gouvernement de la Nouvelle-Écosse et je suis maintenant traductrice et rédactrice (EN / FR).Je suis passionnée par les bicyclettes, [&hellip;]</p>
